ommon factor of 4419 and 27?
9
What is the highest common factor of 16 and 36?
4
What is the greatest common divisor of 8 and 856?
8
Calculate the highest common divisor of 728 and 637.
91
What is the highest common divisor of 1116 and 72?
36
What is the highest common divisor of 588 and 8?
4
What is the highest common divisor of 865 and 10?
5
What is the greatest common divisor of 77 and 69839?
77
Calculate the highest common divisor of 85 and 1215.
5
Calculate the highest common divisor of 112 and 28.
28
What is the greatest common factor of 72 and 342?
18
Calculate the greatest common divisor of 68 and 731.
17
What is the greatest common divisor of 117 and 26?
13
What is the highest common factor of 218 and 10464?
218
Calculate the greatest common factor of 2845 and 5.
5
What is the highest common divisor of 1000 and 8?
8
What is the highest common factor of 5735 and 155?
155
Calculate the highest common divisor of 77 and 616.
77
Calculate the highest common factor of 4005 and 135.
45
What is the highest common divisor of 33 and 8415?
33
What is the highest common divisor of 2610 and 30?
30
What is the greatest common divisor of 56 and 532?
28
Calculate the greatest common divisor of 35 and 119.
7
Calculate the highest common factor of 179 and 3.
1
Calculate the greatest common factor of 1305 and 45.
45
Calculate the greatest common factor of 111 and 3.
3
Calculate the highest common divisor of 2425 and 225.
25
Calculate the highest common factor of 27 and 3.
3
Calculate the greatest common factor of 35 and 28.
7
Calculate the greatest common factor of 133 and 3325.
133
Calculate the highest common divisor of 242 and 671.
11
What is the highest common divisor of 33 and 55?
11
What is the greatest common divisor of 238 and 51?
17
What is the highest common factor of 328 and 1271?
41
Calculate the highest common factor of 142 and 10.
2
What is the highest common divisor of 118 and 34102?
118
What is the greatest common divisor of 154 and 2728?
22
What is the highest common factor of 17 and 731?
17
What is the highest common divisor of 55460 and 47?
47
What is the greatest common factor of 5 and 135?
5
Calculate the highest common divisor of 4 and 388.
4
Calculate the highest common divisor of 34 and 850.
34
Calculate the highest common divisor of 120 and 612.
12
Calculate the greatest common factor of 16789 and 103.
103
What is the highest common factor of 57 and 760?
19
Calculate the greatest common divisor of 180 and 240.
60
What is the highest common factor of 70 and 4662?
14
Calculate the highest common divisor of 31 and 1271.
31
What is the highest common divisor of 63 and 2373?
21
What is the greatest common divisor of 798 and 462?
42
Calculate the highest common divisor of 160 and 560.
80
What is the greatest common divisor of 899 and 551?
29
Calculate the highest common factor of 135 and 6255.
45
Calculate the greatest common factor of 102 and 2074.
34
What is the greatest common factor of 18 and 1740?
6
Calculate the highest common divisor of 1770 and 826.
118
What is the highest common factor of 2508 and 429?
33
What is the highest common divisor of 1554 and 28?
14
Calculate the greatest common factor of 964 and 4097.
241
What is the greatest common factor of 95 and 304?
19
Calculate the greatest common factor of 74 and 962.
74
What is the greatest common factor of 522 and 135?
9
Calculate the greatest common factor of 41 and 3.
1
Calculate the highest common factor of 2783 and 460.
23
What is the highest common factor of 33 and 33?
33
What is the greatest common factor of 52 and 1573?
13
Calculate the highest common factor of 512 and 128.
128
What is the greatest common divisor of 123 and 30832?
41
What is the greatest common divisor of 3930 and 30?
30
What is the greatest common divisor of 252 and 42084?
252
What is the greatest common factor of 3 and 22?
1
What is the greatest common divisor of 36 and 18?
18
What is the highest common factor of 102 and 136?
34
Calculate the greatest common divisor of 468 and 884.
52
What is the highest common divisor of 5729 and 68?
17
Calculate the greatest common divisor of 37 and 333.
37
Calculate the highest common factor of 928 and 116.
116
Calculate the greatest common divisor of 1200 and 2450.
50
What is the highest common divisor of 47 and 1?
1
What is the highest common divisor of 2209 and 611?
47
Calculate the highest common factor of 1645 and 70.
35
Calculate the highest common divisor of 476 and 204.
68
Calculate the highest common factor of 60 and 108.
12
What is the highest common divisor of 88 and 11176?
88
What is the greatest common factor of 29 and 87?
29
Calculate the highest common factor of 1742 and 221.
13
Calculate the greatest common divisor of 14 and 1603.
7
Calculate the greatest common factor of 713 and 217.
31
What is the highest common factor of 704 and 198?
22
What is the greatest common divisor of 4633 and 82?
41
Calculate the greatest common divisor of 294 and 12250.
98
Calculate the highest common divisor of 6 and 41028.
6
What is the greatest common divisor of 850 and 17?
17
What is the highest common divisor of 20364 and 12?
12
What is the highest common factor of 504 and 616?
56
What is the highest common divisor of 105 and 45?
15
Calculate the greatest common factor of 12 and 52.
4
What is the highest common factor of 27 and 459?
27
Calculate the greatest common factor of 98 and 1022.
14
Calculate the highest common divisor of 41168 and 32.
16
What is the highest common factor of 850 and 34?
34
Calculate the highest common factor of 1400 and 322.
14
Calculate the greatest common divisor of 132 and 3102.
66
Calculate the greatest common divisor of 403 and 52.
13
Calculate the greatest common divisor of 105 and 15.
15
What is the highest common divisor of 15371 and 19?
19
What is the highest common factor of 36 and 96?
12
Calculate the highest common factor of 18 and 1017.
9
What is the greatest common divisor of 960 and 40?
40
What is the highest common factor of 125 and 75?
25
Calculate the greatest common factor of 2 and 2687.
1
Calculate the greatest common divisor of 33 and 264.
33
Calculate the greatest common divisor of 15 and 26115.
15
What is the greatest common divisor of 5 and 525?
5
Calculate the highest common factor of 108 and 1917.
27
Calculate the greatest common factor of 342 and 18.
18
What is the highest common divisor of 3876 and 152?
76
What is the greatest common factor of 755 and 906?
151
Calculate the highest common factor of 3824 and 32.
16
What is the greatest common factor of 782 and 322?
46
Calculate the highest common factor of 12 and 1164.
12
What is the highest common divisor of 16 and 1616?
16
Calculate the highest common factor of 19284 and 12.
12
What is the greatest common divisor of 2295 and 135?
135
Calculate the greatest common divisor of 108 and 384.
12
Calculate the highest common divisor of 70 and 854.
14
What is the greatest common divisor of 15 and 29895?
15
What is the highest common factor of 24 and 248?
8
Calculate the highest common factor of 24 and 291.
3
Calculate the greatest common factor of 11518 and 26.
26
What is the greatest common factor of 36 and 225?
9
Calculate the greatest common divisor of 7 and 1.
1
What is the greatest common divisor of 10 and 1450?
10
What is the greatest common divisor of 19 and 76?
19
What is the highest common factor of 240 and 96?
48
Calculate the highest common factor of 168047 and 11.
11
Calculate the highest common factor of 168 and 36.
12
Calculate the greatest common factor of 50 and 826.
2
Calculate the greatest common divisor of 329 and 413.
7
Calculate the greatest common divisor of 29 and 6583.
29
What is the greatest common divisor of 7 and 672?
7
Calculate the highest common factor of 444 and 6364.
148
What is the highest common divisor of 394 and 5319?
197
Calculate the greatest common divisor of 21 and 672.
21
What is the highest common divisor of 72 and 84?
12
What is the highest common divisor of 68 and 1394?
34
Calculate the greatest common factor of 908 and 4.
4
Calculate the highest common divisor of 3708 and 36.
36
Calculate the greatest common divisor of 57 and 17214.
57
Calculate the greatest common factor of 214 and 8774.
214
Calculate the greatest com